{"id":494,"date":"2022-04-01T19:01:38","date_gmt":"2022-04-01T17:01:38","guid":{"rendered":"https:\/\/www.lecasedelpatio.it\/der-iseo-see\/"},"modified":"2022-04-01T23:09:47","modified_gmt":"2022-04-01T21:09:47","slug":"der-iseo-see","status":"publish","type":"page","link":"https:\/\/www.lecasedelpatio.it\/de\/der-iseo-see\/","title":{"rendered":"Der Iseo See"},"content":{"rendered":"\t\t<div data-elementor-type=\"wp-page\" data-elementor-id=\"494\" class=\"elementor elementor-494 elementor-217\" data-elementor-post-type=\"page\">\n\t\t\t\t\t\t<section class=\"elementor-section elementor-top-section elementor-element elementor-element-71f3038a elementor-section-stretched elementor-section-full_width elementor-section-height-default elementor-section-height-default\" data-id=\"71f3038a\" data-element_type=\"section\" data-e-type=\"section\" data-settings=\"{&quot;stretch_section&quot;:&quot;section-stretched&quot;}\">\n\t\t\t\t\t\t<div class=\"elementor-container elementor-column-gap-default\">\n\t\t\t\t\t<div class=\"elementor-column elementor-col-100 elementor-top-column elementor-element elementor-element-33a64558\" data-id=\"33a64558\" data-element_type=\"column\" data-e-type=\"column\">\n\t\t\t<div class=\"elementor-widget-wrap elementor-element-populated\">\n\t\t\t\t\t\t<div class=\"elementor-element elementor-element-23191520 elementor-widget elementor-widget-image\" data-id=\"23191520\" data-element_type=\"widget\" data-e-type=\"widget\" data-widget_type=\"image.default\">\n\t\t\t\t<div class=\"elementor-widget-container\">\n\t\t\t\t\t\t\t\t\t\t\t\t\t\t\t<img fetchpriority=\"high\" decoding=\"async\" width=\"1920\" height=\"435\" src=\"https:\/\/www.lecasedelpatio.it\/wp-content\/uploads\/2022\/04\/veduta-lago-Iseo.jpeg\" class=\"attachment-full size-full wp-image-45\" alt=\"\" srcset=\"https:\/\/www.lecasedelpatio.it\/wp-content\/uploads\/2022\/04\/veduta-lago-Iseo.jpeg 1920w, https:\/\/www.lecasedelpatio.it\/wp-content\/uploads\/2022\/04\/veduta-lago-Iseo-300x68.jpeg 300w, https:\/\/www.lecasedelpatio.it\/wp-content\/uploads\/2022\/04\/veduta-lago-Iseo-1024x232.jpeg 1024w, https:\/\/www.lecasedelpatio.it\/wp-content\/uploads\/2022\/04\/veduta-lago-Iseo-768x174.jpeg 768w, https:\/\/www.lecasedelpatio.it\/wp-content\/uploads\/2022\/04\/veduta-lago-Iseo-1536x348.jpeg 1536w\" sizes=\"(max-width: 1920px) 100vw, 1920px\" \/>\t\t\t\t\t\t\t\t\t\t\t\t\t\t\t<\/div>\n\t\t\t\t<\/div>\n\t\t\t\t\t<\/div>\n\t\t<\/div>\n\t\t\t\t\t<\/div>\n\t\t<\/section>\n\t\t\t\t<section class=\"elementor-section elementor-top-section elementor-element elementor-element-34d018e2 elementor-section-boxed elementor-section-height-default elementor-section-height-default\" data-id=\"34d018e2\" data-element_type=\"section\" data-e-type=\"section\">\n\t\t\t\t\t\t<div class=\"elementor-container elementor-column-gap-default\">\n\t\t\t\t\t<div class=\"elementor-column elementor-col-100 elementor-top-column elementor-element elementor-element-1e9c5d07\" data-id=\"1e9c5d07\" data-element_type=\"column\" data-e-type=\"column\">\n\t\t\t<div class=\"elementor-widget-wrap elementor-element-populated\">\n\t\t\t\t\t\t\t<\/div>\n\t\t<\/div>\n\t\t\t\t\t<\/div>\n\t\t<\/section>\n\t\t\t\t<section class=\"elementor-section elementor-top-section elementor-element elementor-element-103620b8 elementor-section-boxed elementor-section-height-default elementor-section-height-default\" data-id=\"103620b8\" data-element_type=\"section\" data-e-type=\"section\">\n\t\t\t\t\t\t<div class=\"elementor-container elementor-column-gap-default\">\n\t\t\t\t\t<div class=\"elementor-column elementor-col-100 elementor-top-column elementor-element elementor-element-7fc939c0\" data-id=\"7fc939c0\" data-element_type=\"column\" data-e-type=\"column\">\n\t\t\t<div class=\"elementor-widget-wrap elementor-element-populated\">\n\t\t\t\t\t\t<div class=\"elementor-element elementor-element-40adad2c elementor-widget elementor-widget-text-editor\" data-id=\"40adad2c\" data-element_type=\"widget\" data-e-type=\"widget\" data-widget_type=\"text-editor.default\">\n\t\t\t\t<div class=\"elementor-widget-container\">\n\t\t\t\t\t\t\t\t\t<p>Der <strong>Iseosee<\/strong> oder <strong>Sebino<\/strong> ist der viertgr\u00f6\u00dfte See in der Lombardei und der sechstgr\u00f6\u00dfte in Italien.<\/p><p>Er liegt 185 Meter \u00fcber dem Meeresspiegel und hat eine Fl\u00e4che von 61 km\u00b2.<\/p><p>Die maximale Breite betr\u00e4gt 2,4 km, der Seeumfang etwa 65 km.<\/p><p>Der See zwischen Monte Isola und Tavernola erreicht seine maximale Tiefe von 256 Metern.<\/p><p>Er geh\u00f6rt zur Gruppe der gro\u00dfen Seen eiszeitlichen Ursprungs und wird vom Fluss Oglio gebildet, der am Gavia-Pass entspringt, durch das Camonica-Tal flie\u00dft, in der Gemeinde Costa Volpino in den See eintritt und zwischen Paratico und Sarnico wieder austritt.<br>Im Zentrum des Sees liegt Monte Isola, die gr\u00f6\u00dfte bewohnte Insel der europ\u00e4ischen Seen, die eine H\u00f6he von 600 m erreicht und sich durch eine typisch mediterrane Vegetation auszeichnet, die auch in den sch\u00f6nen G\u00e4rten der beiden kleinen (in Privatbesitz befindlichen) Inseln Loreto und S. Paolo zu finden ist, die den See im Norden und S\u00fcden flankieren.<\/p><p>Das Klima eignet sich bestens f\u00fcr einen erholsamen Urlaub.<br>Die Temperatur erreicht in den Sommermonaten durchschnittlich 26-27 Grad.<br>In der Nacht weht die Bergbrise &#8222;V\u00e8t&#8220; aus dem Camonica-Tal in Richtung See.<br>Am Nachmittag kommt das Echo, die &#8222;Ora&#8220; aus der entgegengesetzten Richtung aus dem Flachland.<\/p><p>Die Wassertemperatur an der Oberfl\u00e4che liegt im Juni und September bei 18-19 Grad, im Juli und August bei 20-22 Grad.<\/p><p>Die wichtigsten Zentren sind: Iseo, Lovere, Pisogne, Sarnico.<\/p><p>Die Seeb\u00e4der sind durch den Linienverkehr der &#8222;Navigazione Lago d&#8217;Iseo&#8220; miteinander verbunden, die im Sommer auch spezielle Kreuzfahrten anbietet. (<a href=\"http:\/\/www.navigazionelagoiseo.it\/\" target=\"_blank\" rel=\"noopener noreferrer\">www.navigazionelagoiseo.it<\/a>)<\/p><p>Wassertouren werden auch von der Firma Barcaioli Monteisola Service (<a href=\"http:\/\/www.barcaiolimonteisola.it\" target=\"_blank\" rel=\"noopener noreferrer\">www.barcaiolimonteisola.it<\/a>) angeboten.<\/p>\t\t\t\t\t\t\t\t<\/div>\n\t\t\t\t<\/div>\n\t\t\t\t\t<\/div>\n\t\t<\/div>\n\t\t\t\t\t<\/div>\n\t\t<\/section>\n\t\t\t\t<\/div>\n\t\t","protected":false},"excerpt":{"rendered":"<p>Der Iseosee oder Sebino ist der viertgr\u00f6\u00dfte See in der Lombardei und der sechstgr\u00f6\u00dfte in Italien. Er liegt 185 Meter \u00fcber dem Meeresspiegel und hat eine Fl\u00e4che von 61 km\u00b2. Die maximale Breite betr\u00e4gt 2,4 km, der Seeumfang etwa 65 km. Der See zwischen Monte Isola und Tavernola erreicht seine maximale Tiefe von 256 Metern. &#8230; <a title=\"Der Iseo See\" class=\"read-more\" href=\"https:\/\/www.lecasedelpatio.it\/de\/der-iseo-see\/\" aria-label=\"Mehr zu Der Iseo See\">Weiterlesen &#8230;<\/a><\/p>\n","protected":false},"author":1,"featured_media":0,"parent":0,"menu_order":0,"comment_status":"closed","ping_status":"closed","template":"elementor_header_footer","meta":{"footnotes":""},"class_list":["post-494","page","type-page","status-publish"],"_links":{"self":[{"href":"https:\/\/www.lecasedelpatio.it\/de\/wp-json\/wp\/v2\/pages\/494","targetHints":{"allow":["GET"]}}],"collection":[{"href":"https:\/\/www.lecasedelpatio.it\/de\/wp-json\/wp\/v2\/pages"}],"about":[{"href":"https:\/\/www.lecasedelpatio.it\/de\/wp-json\/wp\/v2\/types\/page"}],"author":[{"embeddable":true,"href":"https:\/\/www.lecasedelpatio.it\/de\/wp-json\/wp\/v2\/users\/1"}],"replies":[{"embeddable":true,"href":"https:\/\/www.lecasedelpatio.it\/de\/wp-json\/wp\/v2\/comments?post=494"}],"version-history":[{"count":1,"href":"https:\/\/www.lecasedelpatio.it\/de\/wp-json\/wp\/v2\/pages\/494\/revisions"}],"predecessor-version":[{"id":495,"href":"https:\/\/www.lecasedelpatio.it\/de\/wp-json\/wp\/v2\/pages\/494\/revisions\/495"}],"wp:attachment":[{"href":"https:\/\/www.lecasedelpatio.it\/de\/wp-json\/wp\/v2\/media?parent=494"}],"curies":[{"name":"wp","href":"https:\/\/api.w.org\/{rel}","templated":true}]}}

<div data-elementor-type="wp-page" data-elementor-id="494" class="elementor elementor-494 elementor-217" data-elementor-post-type="page">
						<section class="elementor-section elementor-top-section elementor-element elementor-element-71f3038a elementor-section-stretched elementor-section-full_width elementor-section-height-default elementor-section-height-default" data-id="71f3038a" data-element_type="section" data-e-type="section" data-settings="{&quot;stretch_section&quot;:&quot;section-stretched&quot;}">
						<div class="elementor-container elementor-column-gap-default">
					<div class="elementor-column elementor-col-100 elementor-top-column elementor-element elementor-element-33a64558" data-id="33a64558" data-element_type="column" data-e-type="column">
			<div class="elementor-widget-wrap elementor-element-populated">
						<div class="elementor-element elementor-element-23191520 elementor-widget elementor-widget-image" data-id="23191520" data-element_type="widget" data-e-type="widget" data-widget_type="image.default">
				<div class="elementor-widget-container">
															<img fetchpriority="high" decoding="async" width="1920" height="435" src="https://www.lecasedelpatio.it/wp-content/uploads/2022/04/veduta-lago-Iseo.jpeg" class="attachment-full size-full wp-image-45" alt="" srcset="https://www.lecasedelpatio.it/wp-content/uploads/2022/04/veduta-lago-Iseo.jpeg 1920w, https://www.lecasedelpatio.it/wp-content/uploads/2022/04/veduta-lago-Iseo-300x68.jpeg 300w, https://www.lecasedelpatio.it/wp-content/uploads/2022/04/veduta-lago-Iseo-1024x232.jpeg 1024w, https://www.lecasedelpatio.it/wp-content/uploads/2022/04/veduta-lago-Iseo-768x174.jpeg 768w, https://www.lecasedelpatio.it/wp-content/uploads/2022/04/veduta-lago-Iseo-1536x348.jpeg 1536w" sizes="(max-width: 1920px) 100vw, 1920px" />															</div>
				</div>
					</div>
		</div>
					</div>
		</section>
				<section class="elementor-section elementor-top-section elementor-element elementor-element-34d018e2 elementor-section-boxed elementor-section-height-default elementor-section-height-default" data-id="34d018e2" data-element_type="section" data-e-type="section">
						<div class="elementor-container elementor-column-gap-default">
					<div class="elementor-column elementor-col-100 elementor-top-column elementor-element elementor-element-1e9c5d07" data-id="1e9c5d07" data-element_type="column" data-e-type="column">
			<div class="elementor-widget-wrap elementor-element-populated">
							</div>
		</div>
					</div>
		</section>
				<section class="elementor-section elementor-top-section elementor-element elementor-element-103620b8 elementor-section-boxed elementor-section-height-default elementor-section-height-default" data-id="103620b8" data-element_type="section" data-e-type="section">
						<div class="elementor-container elementor-column-gap-default">
					<div class="elementor-column elementor-col-100 elementor-top-column elementor-element elementor-element-7fc939c0" data-id="7fc939c0" data-element_type="column" data-e-type="column">
			<div class="elementor-widget-wrap elementor-element-populated">
						<div class="elementor-element elementor-element-40adad2c elementor-widget elementor-widget-text-editor" data-id="40adad2c" data-element_type="widget" data-e-type="widget" data-widget_type="text-editor.default">
				<div class="elementor-widget-container">
									<p>Der <strong>Iseosee</strong> oder <strong>Sebino</strong> ist der viertgrößte See in der Lombardei und der sechstgrößte in Italien.</p><p>Er liegt 185 Meter über dem Meeresspiegel und hat eine Fläche von 61 km².</p><p>Die maximale Breite beträgt 2,4 km, der Seeumfang etwa 65 km.</p><p>Der See zwischen Monte Isola und Tavernola erreicht seine maximale Tiefe von 256 Metern.</p><p>Er gehört zur Gruppe der großen Seen eiszeitlichen Ursprungs und wird vom Fluss Oglio gebildet, der am Gavia-Pass entspringt, durch das Camonica-Tal fließt, in der Gemeinde Costa Volpino in den See eintritt und zwischen Paratico und Sarnico wieder austritt.<br>Im Zentrum des Sees liegt Monte Isola, die größte bewohnte Insel der europäischen Seen, die eine Höhe von 600 m erreicht und sich durch eine typisch mediterrane Vegetation auszeichnet, die auch in den schönen Gärten der beiden kleinen (in Privatbesitz befindlichen) Inseln Loreto und S. Paolo zu finden ist, die den See im Norden und Süden flankieren.</p><p>Das Klima eignet sich bestens für einen erholsamen Urlaub.<br>Die Temperatur erreicht in den Sommermonaten durchschnittlich 26-27 Grad.<br>In der Nacht weht die Bergbrise &#8222;Vèt&#8220; aus dem Camonica-Tal in Richtung See.<br>Am Nachmittag kommt das Echo, die &#8222;Ora&#8220; aus der entgegengesetzten Richtung aus dem Flachland.</p><p>Die Wassertemperatur an der Oberfläche liegt im Juni und September bei 18-19 Grad, im Juli und August bei 20-22 Grad.</p><p>Die wichtigsten Zentren sind: Iseo, Lovere, Pisogne, Sarnico.</p><p>Die Seebäder sind durch den Linienverkehr der &#8222;Navigazione Lago d&#8217;Iseo&#8220; miteinander verbunden, die im Sommer auch spezielle Kreuzfahrten anbietet. (<a href="http://www.navigazionelagoiseo.it/" target="_blank" rel="noopener noreferrer">www.navigazionelagoiseo.it</a>)</p><p>Wassertouren werden auch von der Firma Barcaioli Monteisola Service (<a href="http://www.barcaiolimonteisola.it" target="_blank" rel="noopener noreferrer">www.barcaiolimonteisola.it</a>) angeboten.</p>								</div>
				</div>
					</div>
		</div>
					</div>
		</section>
				</div>

<p>Der Iseosee oder Sebino ist der viertgrößte See in der Lombardei und der sechstgrößte in Italien. Er liegt 185 Meter über dem Meeresspiegel und hat eine Fläche von 61 km². Die maximale Breite beträgt 2,4 km, der Seeumfang etwa 65 km. Der See zwischen Monte Isola und Tavernola erreicht seine maximale Tiefe von 256 Metern. &#8230; <a title="Der Iseo See" class="read-more" href="https://www.lecasedelpatio.it/de/der-iseo-see/" aria-label="Mehr zu Der Iseo See">Weiterlesen &#8230;</a></p>
